{"id":33,"date":"2016-07-11T11:42:29","date_gmt":"2016-07-11T09:42:29","guid":{"rendered":"http:\/\/uplandschule.de\/?page_id=33"},"modified":"2016-10-08T13:39:14","modified_gmt":"2016-10-08T11:39:14","slug":"haupt-realschule","status":"publish","type":"page","link":"https:\/\/uplandschule.de\/?page_id=33","title":{"rendered":"Haupt- und Realschule"},"content":{"rendered":"<p>Unsere Haupt- und Realsch\u00fcler lernen zusammen in sogenannten Verbundklassen, d.h. sie werden in den Jahrgangsstufen 5 und 6 in allen F\u00e4chern gemeinsam (Binnendifferenzierung) unterrichtet. Ab Klasse 7 findet der Unterricht in den F\u00e4chern Englisch, Deutsch und Mathematik getrennt statt, ebenso in den F\u00e4chern, in denen sich die Stundentafeln schulformbezogen unterscheiden.<\/p>\n<p>Nach dem Motto \u201eKein Kind zur\u00fccklassen\u201c ist es das Ziel der Uplandschule, alle Sch\u00fclerinnen und Sch\u00fcler zu einem qualifizierten Schulabschluss zu f\u00fchren. Gerade der gemeinsame Unterricht von Haupt- und Realsch\u00fclern f\u00f6rdert die Motivation und er\u00f6ffnet neue Perspektiven f\u00fcr den weiteren Werdegang. Gegenseitiges Helfen wird gef\u00f6rdert und damit elit\u00e4res Denken verhindert. Hauptsch\u00fcler werden motiviert in den Realschulzweig hochgestuft zu werden und Realsch\u00fcler werden eine m\u00f6gliche Abstufung innerhalb des Klassenverbandes weniger frustrierend empfinden, da ein Verbleib in der Lerngruppe gew\u00e4hrleistet ist. Voraussetzung f\u00fcr die Durchl\u00e4ssigkeit zwischen den einzelnen Bildungsg\u00e4ngen ist ein differenziertes Anspruchsniveau, ohne dabei die Vergleichbarkeit der Leistungen aus dem Auge zu verlieren.<\/p>\n<p>Die Schule hat seit der Einf\u00fchrung dieser Kombi-Klassen beobachtet, dass sich das gemeinsame Arbeiten \u00fcberwiegend positiv auf die Leistungen der Sch\u00fcler auswirkt. So haben in der Regel mehrere Sch\u00fcler pro Schuljahr w\u00e4hrend oder nach ihrer Hauptschulzeit den \u00dcbergang in den Realschulzweig geschafft und anschlie\u00dfend den Mittleren Abschluss erworben.<\/p>\n<p>Der Wahlpflichtunterricht umfasst Angebote aus dem sprachlichen, k\u00fcnstlerischen, musischen, sportlichen und naturwissenschaftlichen Bereich f\u00fcr Haupt- und Realsch\u00fcler im Verbund. Dies bezieht sich auch auf das Fach Informatik.<\/p>\n<p>In den verschiedenen AGs im Bereich der P\u00e4dagogischen Mittagsbetreuung ist es m\u00f6glich, auch mit Gymnasialsch\u00fclern gemeinsam aktiv zu sein. Diese Zusammenarbeit und viele andere gemeinsame Aktivit\u00e4ten verschaffen ein positives Wir-Gef\u00fchl an unserer Schule.<\/p>\n<p>Die Berufsorientierung spielt im Haupt- und Realschulbereich eine gro\u00dfe Rolle. Betriebserkundungen, der Besuch von Ausbildungsmessen und der sogenannten Probierwerkstatt der Kreishandwerkerschaft sowie ein Bewerbungstraining geh\u00f6ren zum regelm\u00e4\u00dfigen Angebot der Uplandschule. Au\u00dferdem findet in den Jahrg\u00e4ngen 8 und 9 f\u00fcr beide Bildungsg\u00e4nge jeweils ein 2-w\u00f6chiges Betriebspraktikum statt.<\/p>\n<p>Der Haupt- und Realschulabschluss, vor allem in der qualifizierenden Form, bietet unseren Sch\u00fclerinnen und Sch\u00fclern vielf\u00e4ltige M\u00f6glichkeiten, einen geeigneten Ausbildungsplatz zu \u00a0finden oder eine weiterf\u00fchrende Schule (z. B. Berufsfachschule, Fachoberschule, Gymnasiale Oberstufe) zu besuchen.<\/p>\n","protected":false},"excerpt":{"rendered":"<p>Unsere Haupt- und Realsch\u00fcler lernen zusammen in sogenannten Verbundklassen, d.h. sie werden in den Jahrgangsstufen 5 und 6 in allen F\u00e4chern gemeinsam (Binnendifferenzierung) unterrichtet. Ab Klasse 7 findet der Unterricht in den F\u00e4chern Englisch, Deutsch und Mathematik getrennt statt, ebenso in den F\u00e4chern, in denen sich die Stundentafeln schulformbezogen unterscheiden. [&hellip;]<\/p>\n","protected":false},"author":11,"featured_media":0,"parent":28,"menu_order":0,"comment_status":"closed","ping_status":"closed","template":"","meta":{"footnotes":""},"class_list":["post-33","page","type-page","status-publish","hentry"],"_links":{"self":[{"href":"https:\/\/uplandschule.de\/index.php?rest_route=\/wp\/v2\/pages\/33","targetHints":{"allow":["GET"]}}],"collection":[{"href":"https:\/\/uplandschule.de\/index.php?rest_route=\/wp\/v2\/pages"}],"about":[{"href":"https:\/\/uplandschule.de\/index.php?rest_route=\/wp\/v2\/types\/page"}],"author":[{"embeddable":true,"href":"https:\/\/uplandschule.de\/index.php?rest_route=\/wp\/v2\/users\/11"}],"replies":[{"embeddable":true,"href":"https:\/\/uplandschule.de\/index.php?rest_route=%2Fwp%2Fv2%2Fcomments&post=33"}],"version-history":[{"count":6,"href":"https:\/\/uplandschule.de\/index.php?rest_route=\/wp\/v2\/pages\/33\/revisions"}],"predecessor-version":[{"id":11752,"href":"https:\/\/uplandschule.de\/index.php?rest_route=\/wp\/v2\/pages\/33\/revisions\/11752"}],"up":[{"embeddable":true,"href":"https:\/\/uplandschule.de\/index.php?rest_route=\/wp\/v2\/pages\/28"}],"wp:attachment":[{"href":"https:\/\/uplandschule.de\/index.php?rest_route=%2Fwp%2Fv2%2Fmedia&parent=33"}],"curies":[{"name":"wp","href":"https:\/\/api.w.org\/{rel}","templated":true}]}}