{"id":24312,"date":"2024-09-04T20:37:39","date_gmt":"2024-09-04T18:37:39","guid":{"rendered":"https:\/\/uplandschule.de\/?page_id=24312"},"modified":"2024-09-04T20:37:40","modified_gmt":"2024-09-04T18:37:40","slug":"mint-ag","status":"publish","type":"page","link":"https:\/\/uplandschule.de\/?page_id=24312","title":{"rendered":"MINT AG"},"content":{"rendered":"\n<p style=\"text-align: justify;\"><a href=\"https:\/\/uplandschule.de\/wp-content\/uploads\/2024\/09\/20240702_150951-scaled.jpg\"><img loading=\"lazy\" decoding=\"async\" src=\"https:\/\/uplandschule.de\/wp-content\/uploads\/2024\/09\/20240702_150951-225x300.jpg\" alt=\"\" width=\"114\" height=\"152\" class=\" wp-image-24307 alignleft\" srcset=\"https:\/\/uplandschule.de\/wp-content\/uploads\/2024\/09\/20240702_150951-225x300.jpg 225w, https:\/\/uplandschule.de\/wp-content\/uploads\/2024\/09\/20240702_150951-768x1024.jpg 768w, https:\/\/uplandschule.de\/wp-content\/uploads\/2024\/09\/20240702_150951-113x150.jpg 113w, https:\/\/uplandschule.de\/wp-content\/uploads\/2024\/09\/20240702_150951-1152x1536.jpg 1152w, https:\/\/uplandschule.de\/wp-content\/uploads\/2024\/09\/20240702_150951-1536x2048.jpg 1536w, https:\/\/uplandschule.de\/wp-content\/uploads\/2024\/09\/20240702_150951-scaled.jpg 1920w\" sizes=\"auto, (max-width: 114px) 100vw, 114px\" \/><\/a>In dieser AG erforscht eine Gruppe von MINT-begeisterten Kids der Klassen 4 und 5 und gemeinsam mit Herrn Blinn die vier verschiedenen Buchstaben. In M(athematik) werden unter anderem in mehreren Terminen verschiedene Knobelaufgaben gel\u00f6st, die aus den Bereichen Zahlentheorie, Geometrie und Logik stammen. Mit der Software GeoGebra k\u00f6nnen verschiedene geometrische Herausforderungen gemeistert werden.<\/p>\n<p style=\"text-align: justify;\">In I(nformatik) besch\u00e4ftigen sich die Kids zum Beispiel mit \u201escratch\u201c, einer Programmierumgebung, die einen Vorgeschmack auf die verschiedenen Programmiersprachen liefert. So k\u00f6nnen kleine interaktive Sequenzen bzw. Spiele programmiert werden. Der Bereich N(aturwissenschaft) ist durch spannende Projektideen umrahmt. Beispielhaft kann hier ein Projekt genannt werden : Kann man Kleidung herstellen,<a href=\"https:\/\/uplandschule.de\/wp-content\/uploads\/2024\/09\/IMG-20240722-WA0000-1.jpg\" rel=\"attachment wp-att-24302\"><img loading=\"lazy\" decoding=\"async\" src=\"https:\/\/uplandschule.de\/wp-content\/uploads\/2024\/09\/IMG-20240722-WA0000-1-300x225.jpg\" alt=\"\" width=\"183\" height=\"137\" class=\" wp-image-24302 alignright\" srcset=\"https:\/\/uplandschule.de\/wp-content\/uploads\/2024\/09\/IMG-20240722-WA0000-1-300x225.jpg 300w, https:\/\/uplandschule.de\/wp-content\/uploads\/2024\/09\/IMG-20240722-WA0000-1-1024x768.jpg 1024w, https:\/\/uplandschule.de\/wp-content\/uploads\/2024\/09\/IMG-20240722-WA0000-1-150x113.jpg 150w, https:\/\/uplandschule.de\/wp-content\/uploads\/2024\/09\/IMG-20240722-WA0000-1-768x576.jpg 768w, https:\/\/uplandschule.de\/wp-content\/uploads\/2024\/09\/IMG-20240722-WA0000-1-1536x1152.jpg 1536w, https:\/\/uplandschule.de\/wp-content\/uploads\/2024\/09\/IMG-20240722-WA0000-1.jpg 2000w\" sizes=\"auto, (max-width: 183px) 100vw, 183px\" \/><\/a> die CO<sub>2<\/sub> aufnimmt? Hierzu wurden in einer Gruppe Experimente geplant, Marketingstrategien entwickelt und vieles mehr. Erstaunlicherweise konnte man bei der Auswertung der Experimente signifikante Unterschiede beobachten, was das Algenwachstum auf verschiedenen Stoffen unter verschiedenen Rahmenbedingungen betrifft.<\/p>\n<p style=\"text-align: justify;\">Der Bereich der T(echnik) kommt nicht zu kurz und so wird beispielsweise flei\u00dfig mit Kapla-Steinen an Br\u00fccken und T\u00fcrmen experimentiert und geforscht.<\/p>\n<p><\/p>\n<p><\/p>\n\n\n\n<figure class=\"wp-block-gallery has-nested-images columns-default is-cropped wp-block-gallery-1 is-layout-flex wp-block-gallery-is-layout-flex\">\n<figure class=\"wp-block-image size-large\"><img loading=\"lazy\" decoding=\"async\" width=\"2560\" height=\"1920\" data-id=\"24298\" src=\"https:\/\/uplandschule.de\/wp-content\/uploads\/2024\/09\/20240625_142855-scaled.jpg\" alt=\"\" class=\"wp-image-24298\" srcset=\"https:\/\/uplandschule.de\/wp-content\/uploads\/2024\/09\/20240625_142855-scaled.jpg 2560w, https:\/\/uplandschule.de\/wp-content\/uploads\/2024\/09\/20240625_142855-300x225.jpg 300w, https:\/\/uplandschule.de\/wp-content\/uploads\/2024\/09\/20240625_142855-1024x768.jpg 1024w, https:\/\/uplandschule.de\/wp-content\/uploads\/2024\/09\/20240625_142855-150x113.jpg 150w, https:\/\/uplandschule.de\/wp-content\/uploads\/2024\/09\/20240625_142855-768x576.jpg 768w, https:\/\/uplandschule.de\/wp-content\/uploads\/2024\/09\/20240625_142855-1536x1152.jpg 1536w, https:\/\/uplandschule.de\/wp-content\/uploads\/2024\/09\/20240625_142855-2048x1536.jpg 2048w\" sizes=\"auto, (max-width: 2560px) 100vw, 2560px\" \/><\/figure>\n\n\n\n<figure class=\"wp-block-image size-large\"><img loading=\"lazy\" decoding=\"async\" width=\"1500\" height=\"2000\" data-id=\"24303\" src=\"https:\/\/uplandschule.de\/wp-content\/uploads\/2024\/09\/IMG-20240722-WA0001.jpg\" alt=\"\" class=\"wp-image-24303\" srcset=\"https:\/\/uplandschule.de\/wp-content\/uploads\/2024\/09\/IMG-20240722-WA0001.jpg 1500w, https:\/\/uplandschule.de\/wp-content\/uploads\/2024\/09\/IMG-20240722-WA0001-225x300.jpg 225w, https:\/\/uplandschule.de\/wp-content\/uploads\/2024\/09\/IMG-20240722-WA0001-768x1024.jpg 768w, https:\/\/uplandschule.de\/wp-content\/uploads\/2024\/09\/IMG-20240722-WA0001-113x150.jpg 113w, https:\/\/uplandschule.de\/wp-content\/uploads\/2024\/09\/IMG-20240722-WA0001-1152x1536.jpg 1152w\" sizes=\"auto, (max-width: 1500px) 100vw, 1500px\" \/><\/figure>\n\n\n\n<figure class=\"wp-block-image size-large\"><img loading=\"lazy\" decoding=\"async\" width=\"2560\" height=\"1586\" data-id=\"24304\" src=\"https:\/\/uplandschule.de\/wp-content\/uploads\/2024\/09\/20240220_150949-scaled.jpg\" alt=\"\" class=\"wp-image-24304\" srcset=\"https:\/\/uplandschule.de\/wp-content\/uploads\/2024\/09\/20240220_150949-scaled.jpg 2560w, https:\/\/uplandschule.de\/wp-content\/uploads\/2024\/09\/20240220_150949-300x186.jpg 300w, https:\/\/uplandschule.de\/wp-content\/uploads\/2024\/09\/20240220_150949-1024x634.jpg 1024w, https:\/\/uplandschule.de\/wp-content\/uploads\/2024\/09\/20240220_150949-150x93.jpg 150w, https:\/\/uplandschule.de\/wp-content\/uploads\/2024\/09\/20240220_150949-768x476.jpg 768w, https:\/\/uplandschule.de\/wp-content\/uploads\/2024\/09\/20240220_150949-1536x951.jpg 1536w, https:\/\/uplandschule.de\/wp-content\/uploads\/2024\/09\/20240220_150949-2048x1269.jpg 2048w\" sizes=\"auto, (max-width: 2560px) 100vw, 2560px\" \/><\/figure>\n\n\n\n<figure class=\"wp-block-image size-large\"><img loading=\"lazy\" decoding=\"async\" width=\"2560\" height=\"1920\" data-id=\"24308\" src=\"https:\/\/uplandschule.de\/wp-content\/uploads\/2024\/09\/20240702_151102-scaled.jpg\" alt=\"\" class=\"wp-image-24308\" srcset=\"https:\/\/uplandschule.de\/wp-content\/uploads\/2024\/09\/20240702_151102-scaled.jpg 2560w, https:\/\/uplandschule.de\/wp-content\/uploads\/2024\/09\/20240702_151102-300x225.jpg 300w, https:\/\/uplandschule.de\/wp-content\/uploads\/2024\/09\/20240702_151102-1024x768.jpg 1024w, https:\/\/uplandschule.de\/wp-content\/uploads\/2024\/09\/20240702_151102-150x113.jpg 150w, https:\/\/uplandschule.de\/wp-content\/uploads\/2024\/09\/20240702_151102-768x576.jpg 768w, https:\/\/uplandschule.de\/wp-content\/uploads\/2024\/09\/20240702_151102-1536x1152.jpg 1536w, https:\/\/uplandschule.de\/wp-content\/uploads\/2024\/09\/20240702_151102-2048x1536.jpg 2048w\" sizes=\"auto, (max-width: 2560px) 100vw, 2560px\" \/><\/figure>\n\n\n\n<figure class=\"wp-block-image size-large\"><img loading=\"lazy\" decoding=\"async\" width=\"1920\" height=\"2560\" data-id=\"24306\" src=\"https:\/\/uplandschule.de\/wp-content\/uploads\/2024\/09\/20240625_142843-scaled.jpg\" alt=\"\" class=\"wp-image-24306\" srcset=\"https:\/\/uplandschule.de\/wp-content\/uploads\/2024\/09\/20240625_142843-scaled.jpg 1920w, https:\/\/uplandschule.de\/wp-content\/uploads\/2024\/09\/20240625_142843-225x300.jpg 225w, https:\/\/uplandschule.de\/wp-content\/uploads\/2024\/09\/20240625_142843-768x1024.jpg 768w, https:\/\/uplandschule.de\/wp-content\/uploads\/2024\/09\/20240625_142843-113x150.jpg 113w, https:\/\/uplandschule.de\/wp-content\/uploads\/2024\/09\/20240625_142843-1152x1536.jpg 1152w, https:\/\/uplandschule.de\/wp-content\/uploads\/2024\/09\/20240625_142843-1536x2048.jpg 1536w\" sizes=\"auto, (max-width: 1920px) 100vw, 1920px\" \/><\/figure>\n<\/figure>\n","protected":false},"excerpt":{"rendered":"<p>In dieser AG erforscht eine Gruppe von MINT-begeisterten Kids der Klassen 4 und 5 und gemeinsam mit Herrn Blinn die vier verschiedenen Buchstaben. In M(athematik) werden unter anderem in mehreren Terminen verschiedene Knobelaufgaben gel\u00f6st, die aus den Bereichen Zahlentheorie, Geometrie und Logik stammen. Mit der Software GeoGebra k\u00f6nnen verschiedene geometrische [&hellip;]<\/p>\n","protected":false},"author":15,"featured_media":24298,"parent":0,"menu_order":0,"comment_status":"closed","ping_status":"closed","template":"","meta":{"footnotes":""},"class_list":["post-24312","page","type-page","status-publish","has-post-thumbnail","hentry"],"_links":{"self":[{"href":"https:\/\/uplandschule.de\/index.php?rest_route=\/wp\/v2\/pages\/24312","targetHints":{"allow":["GET"]}}],"collection":[{"href":"https:\/\/uplandschule.de\/index.php?rest_route=\/wp\/v2\/pages"}],"about":[{"href":"https:\/\/uplandschule.de\/index.php?rest_route=\/wp\/v2\/types\/page"}],"author":[{"embeddable":true,"href":"https:\/\/uplandschule.de\/index.php?rest_route=\/wp\/v2\/users\/15"}],"replies":[{"embeddable":true,"href":"https:\/\/uplandschule.de\/index.php?rest_route=%2Fwp%2Fv2%2Fcomments&post=24312"}],"version-history":[{"count":1,"href":"https:\/\/uplandschule.de\/index.php?rest_route=\/wp\/v2\/pages\/24312\/revisions"}],"predecessor-version":[{"id":24315,"href":"https:\/\/uplandschule.de\/index.php?rest_route=\/wp\/v2\/pages\/24312\/revisions\/24315"}],"wp:featuredmedia":[{"embeddable":true,"href":"https:\/\/uplandschule.de\/index.php?rest_route=\/wp\/v2\/media\/24298"}],"wp:attachment":[{"href":"https:\/\/uplandschule.de\/index.php?rest_route=%2Fwp%2Fv2%2Fmedia&parent=24312"}],"curies":[{"name":"wp","href":"https:\/\/api.w.org\/{rel}","templated":true}]}}