{"id":185,"date":"2016-07-12T10:07:31","date_gmt":"2016-07-12T08:07:31","guid":{"rendered":"http:\/\/uplandschule.de\/?page_id=185"},"modified":"2019-09-25T17:55:58","modified_gmt":"2019-09-25T15:55:58","slug":"englisch","status":"publish","type":"page","link":"https:\/\/uplandschule.de\/?page_id=185","title":{"rendered":"Englisch"},"content":{"rendered":"<div id=\"c1961\" class=\"csc-default\">\n<div class=\"csc-header csc-header-n1\">\n<div class=\"csc-header csc-header-n1\">\n<h2 class=\"csc-firstHeader\">Erfolg bei den Cambridge-Pr\u00fcfungen 2019<\/h2>\n<p>Auch im letzten Schulhalbjahr haben 4\u00a0Sch\u00fclerinnen und Sch\u00fcler der Uplandschule die Cambridge-Sprachpr\u00fcfung mit Erfolg abgelegt. Letzte\u00a0 Woche\u00a0\u00fcberreichten ihnen die Schulleiterin Frau Pavlu und die Lehrerin Frau Dr. Sherlock, welche die\u00a0Sch\u00fclerinnen und Sch\u00fcler in einem freiwilligen Vorbereitungskurs auf die hohen Anforderungen der Pr\u00fcfung vorbereitet hat, die Zertifikate. Die vier Leistungskurssch\u00fclerinnen und -sch\u00fcler, die\u00a0sich den Anforderungen des \u201eCertificate of Advanced English\u201c stellten, besuchen die Q3 des Gymnasiums. Das Sprachenzertifikat, das <img loading=\"lazy\" decoding=\"async\" class=\"size-medium wp-image-14473 alignright\" src=\"http:\/\/uplandschule.de\/wp-content\/uploads\/2019\/09\/20190918_113445-300x225.jpg\" alt=\"\" width=\"300\" height=\"225\" srcset=\"https:\/\/uplandschule.de\/wp-content\/uploads\/2019\/09\/20190918_113445-300x225.jpg 300w, https:\/\/uplandschule.de\/wp-content\/uploads\/2019\/09\/20190918_113445-150x113.jpg 150w, https:\/\/uplandschule.de\/wp-content\/uploads\/2019\/09\/20190918_113445-768x576.jpg 768w, https:\/\/uplandschule.de\/wp-content\/uploads\/2019\/09\/20190918_113445-1024x768.jpg 1024w\" sizes=\"auto, (max-width: 300px) 100vw, 300px\" \/>Kompetenzen in der Fremdsprache auf dem Niveau C1 des GER bescheinigt, wurde Klara Gutekunst, Pia Hellwig, Max Oppermann und Emily Querl verliehen. Auch der Fachbereichsleiter, Her Boie, gratulierte den erfolgreichen Absolventen.<\/p>\n<\/div>\n<h2 class=\"csc-firstHeader\">Cambridge-Pr\u00fcfungen\u00a02017 bestanden<\/h2>\n<div class=\"csc-textpic csc-textpic-intext-right\">\n<div class=\"csc-textpic-imagewrap csc-textpic-single-image alignright\">\u00a0<img loading=\"lazy\" decoding=\"async\" class=\"size-medium wp-image-13557 alignright\" src=\"http:\/\/uplandschule.de\/wp-content\/uploads\/2018\/02\/20180215_112521-300x225.jpg\" alt=\"20180215_112521\" width=\"300\" height=\"225\" srcset=\"https:\/\/uplandschule.de\/wp-content\/uploads\/2018\/02\/20180215_112521-300x225.jpg 300w, https:\/\/uplandschule.de\/wp-content\/uploads\/2018\/02\/20180215_112521-150x113.jpg 150w, https:\/\/uplandschule.de\/wp-content\/uploads\/2018\/02\/20180215_112521-768x576.jpg 768w, https:\/\/uplandschule.de\/wp-content\/uploads\/2018\/02\/20180215_112521-1024x768.jpg 1024w\" sizes=\"auto, (max-width: 300px) 100vw, 300px\" \/>4\u00a0Sch\u00fclerinnen und Sch\u00fcler der Uplandschule haben im letzten Schulhalbjahr\u00a0mit Erfolg\u00a0die Cambridge-Sprachpr\u00fcfung abgelegt. In dieser Woche\u00a0\u00fcberreichte ihnen Oberstudienrat Dietmar Boie (links) die Zertifikate. Die vier Jugendlichen, die\u00a0sich den Anforderungen des \u201ePremiminary\u00a0English Test\u201c stellten, gehen in die 10. Klasse des Gymnasiums und die 10. Klassen der Realschule. Das Sprachenzertifikat, das Kompetenzen in der Fremdsprache auf dem Niveau B1 des GER bescheinigt, haben Leonie Fischer (G 10), Kim Hansen, Kevin Kem und Annika Schl\u00fcter (alle drei R 10) erworben. Zum Zertifikat gratulierte auch Schulleiterin Barbara Pavlu\u00a0(rechts). Auf dem Foto fehlt Annika Schl\u00fcter.<\/div>\n<\/div>\n<h2 class=\"csc-firstHeader\"><\/h2>\n<h2 class=\"csc-firstHeader\">Erfolgreiche Cambridge-Absolventen<\/h2>\n<h2 class=\"csc-firstHeader\"><img loading=\"lazy\" decoding=\"async\" class=\"size-medium wp-image-13403 alignleft\" src=\"http:\/\/uplandschule.de\/wp-content\/uploads\/2017\/09\/20170914_112828-Copy-300x225.jpg\" alt=\"Die Cambridge-Absolventen\" width=\"300\" height=\"225\" srcset=\"https:\/\/uplandschule.de\/wp-content\/uploads\/2017\/09\/20170914_112828-Copy-300x225.jpg 300w, https:\/\/uplandschule.de\/wp-content\/uploads\/2017\/09\/20170914_112828-Copy-150x113.jpg 150w, https:\/\/uplandschule.de\/wp-content\/uploads\/2017\/09\/20170914_112828-Copy-768x576.jpg 768w, https:\/\/uplandschule.de\/wp-content\/uploads\/2017\/09\/20170914_112828-Copy-1024x768.jpg 1024w\" sizes=\"auto, (max-width: 300px) 100vw, 300px\" \/><\/h2>\n<p>Zwei Sch\u00fclerinnen und zwei Sch\u00fcler der Klasse G 10 des letzten Schuljahres haben erfolgreich den Cambridge &#8218;Preliminary English Test&#8216; bestanden. In dieser externen Sprach-Pr\u00fcfung m\u00fcssen die Sch\u00fclerinnen und Sch\u00fcler ihre Kompetenzen in den Bereichen Lesen, H\u00f6rverstehen, Schreiben und Sprechen unter Beweis stellen. Die Absolventen haben damit ein weltweit anerkanntes Sprachen-Zertifikat auf dem Niveau B1 des GER (Gemeinsamer Europ\u00e4ischer Referenzrahmen) erworben. Von den vier Absolventen bestand Kevin Matuschzik die Pr\u00fcfung sogar mit Auszeichnung und erreichte das GER-Niveau B2. Oberstudienrat Dietmar Boie, der die Sch\u00fclerinnen und Sch\u00fcler auf die Pr\u00fcfung vorbereitet hat, \u00fcberreichte ihnen am 14.09.17 das Zertifikat an der Uplandschule. Unser Bild zeigt ihn gemeinsam mit den Absolventen Marie Zeutschel, Kevin Matuschzik und Pia Hellwig sowie der Schulleiterin Barbara Pavlu (v.l.n.r. Es fehlt Sami Harif)<\/p>\n<h2 class=\"csc-firstHeader\"><\/h2>\n<h2 class=\"csc-firstHeader\">\u00a0Drei Cambridge-Absolventen geehrt<\/h2>\n<p><img loading=\"lazy\" decoding=\"async\" class=\"size-medium wp-image-12252 alignright\" src=\"http:\/\/uplandschule.de\/wp-content\/uploads\/2017\/06\/DSC_0298-1024x685-300x201.jpg\" sizes=\"auto, (max-width: 300px) 100vw, 300px\" srcset=\"http:\/\/uplandschule.de\/wp-content\/uploads\/2017\/06\/DSC_0298-1024x685-300x201.jpg 300w, http:\/\/uplandschule.de\/wp-content\/uploads\/2017\/06\/DSC_0298-1024x685-150x100.jpg 150w, http:\/\/uplandschule.de\/wp-content\/uploads\/2017\/06\/DSC_0298-1024x685-768x514.jpg 768w, http:\/\/uplandschule.de\/wp-content\/uploads\/2017\/06\/DSC_0298-1024x685.jpg 1024w\" alt=\"Fachbereichsleiter Dietmar Boie und Schulleiterin Barbara Pavlu freuen sich mit den erfolgreichen Uplandsch\u00fclern (von links) Jonathan Jahn, Hannah Schumann und YorickSens, \u00fcber die Sprachdiplome. Foto: Kristin Sens\" width=\"300\" height=\"201\" \/><\/p>\n<p>Auch in diesem Schulhalbjahr haben sich eine Sch\u00fclerin und zwei Sch\u00fcler der jetzigen Q 2 auf die Pr\u00fcfung zum weltweit anerkannten CambridgeEnglisch-Zertifikat unter der Leitung von Oberstudienrat und Fachbereichsleiter Dietmar Boie vorbereitet. Die Sch\u00fcler erzielten allesamt sehr gute Ergebnisse in der CAE (Cambridge English Advanced)-Pr\u00fcfung, der zweith\u00f6chsten Pr\u00fcfung bei Cambridge, die den Teilnehmern Kompetenzen aufdem Niveau C1 des Gemeinsamen Europ\u00e4ischen Referenzrahmens bescheinigt. Mit Abstand das beste Resultat hat Hannah Schumann. Mit 205 von maximal 210 erreichbaren Punkten erreichte sie das Niveau C2 \u2013 das h\u00f6chste erreichbare Sprachniveau \u2013 und bekommt damit nahezu muttersprachliche Kompetenzen bescheinigt. Yorick Sens (193 Punkte) und Jonathan Jahn (192 Punkte) erreichten beide Level 2, das entspricht im europ\u00e4ischen Referenzrahmen dem C1-Niveau. Stolz auf die erfolgreichen Willinger Sch\u00fcler ist ebenso Schulleiterin Barbara Pavlu.<\/p>\n<p>Die Uplandschule bereitet interessierte Sch\u00fclerinnnen und Sch\u00fcler unter der Leitung von Oberstudienrat Boie bereits seit dem Schuljahr 2010\/11 auf diese anspruchsvollen Sprachp\u00fcfungen vor.<\/p>\n<h2 class=\"csc-firstHeader\"><\/h2>\n<h2 class=\"csc-firstHeader\">Erfolg bei den Cambridge-Pr\u00fcfungen 2015\/16<\/h2>\n<\/div>\n<div class=\"csc-textpic csc-textpic-intext-right\">\n<div class=\"csc-textpic-imagewrap csc-textpic-single-image\"><img loading=\"lazy\" decoding=\"async\" class=\"alignright\" src=\"http:\/\/uplandschule.de\/wp-content\/uploads\/2016\/07\/12617c9e4b.jpg\" width=\"300\" height=\"225\" border=\"0\" \/><\/div>\n<div class=\"csc-textpic-text\">\n<p class=\"bodytext\">15 Sch\u00fclerinnen und Sch\u00fcler der Uplandschule haben erfolgreich die Cambridge-Sprachpr\u00fcfung bestanden. In dieser Woche \u00fcberreichte ihnen Oberstudienrat Dietmar Boie (hinten rechts),\u00a0der sie in zwei Gruppen auf die Pr\u00fcfung vorbereitet hat, die Zertifikate. Dem \u201ePremiminary\u00a0English Test\u201c stellten sich zehn Jugendliche, die derzeit die neunte Gymnasialklasse besuchen, allen voran Lea Schweitzer, die die Pr\u00fcfung mit Auszeichnung bestanden hat, sowie Donik Berisha, Klara Gutekunst, Jessica Keudel, Nina Koch, Anna-Lina M\u00fcller, Emily Querl, Lily-Sophie Rehbein, Nadine Sewerin und Finja Werner.<\/p>\n<p class=\"bodytext\">Das noch h\u00f6her angesiedelte\u00a0\u201eFirst Certificate in English\u201c, das als Englisch-Nachweis f\u00fcr Studium und Beruf dient, erwarben f\u00fcnf junge Leute, die kurz vor dem Abitur stehen: Alina Lamm, die die beste Leistung\u00a0zeigte, Viktoria B\u00fcttner, Janik Noah Diaz-Weber, Tim Enderlein und Hannah Pohlmann. Zum Zertifikat gratulierte\u00a0Schulleiterin Barbara Pavlu\u00a0(links). Auf dem Foto fehlt Jessica Keudel. (bk) Foto: Ulrike Schiefner<\/p>\n<\/div>\n<\/div>\n<div class=\"csc-textpic-clear\"><!-- --><\/div>\n<\/div>\n<div id=\"c1895\" class=\"csc-default\">\n<div class=\"csc-header csc-header-n2\">\n<h2>Englisch mit Auszeichnung<\/h2>\n<\/div>\n<div class=\"csc-textpic csc-textpic-intext-right\">\n<div class=\"csc-textpic-text\">\n<p class=\"bodytext\">Sechs Sch\u00fclerinnen und Sch\u00fcler der Uplandschule haben zum Ende des vergangenen Schuljahres das Sprachdiplom der Universit\u00e4t Cambridge erworben. Oberstudienrat Dietmar Boie, der die Jugendlichen auf die Pr\u00fcfung vorbereitet hatte, \u00fcberreichte ihnen jetzt das Zertifikat. Er und Schulleiterin Barbara Pavlu w\u00fcrdigten die sehr guten Leistungen der Gymnasiasten, die jetzt in der Jahrgangsstufe E1 sind.<\/p>\n<div class=\"csc-textpic-imagewrap csc-textpic-single-image\"><a href=\"http:\/\/uplandschule.de\/wp-content\/uploads\/2016\/07\/englischerfolg-mit-pav.jpg\"><img loading=\"lazy\" decoding=\"async\" class=\"alignright wp-image-11606\" src=\"http:\/\/uplandschule.de\/wp-content\/uploads\/2016\/07\/englischerfolg-mit-pav-300x135.jpg\" width=\"320\" height=\"144\" srcset=\"https:\/\/uplandschule.de\/wp-content\/uploads\/2016\/07\/englischerfolg-mit-pav-300x135.jpg 300w, https:\/\/uplandschule.de\/wp-content\/uploads\/2016\/07\/englischerfolg-mit-pav-150x68.jpg 150w, https:\/\/uplandschule.de\/wp-content\/uploads\/2016\/07\/englischerfolg-mit-pav-768x346.jpg 768w, https:\/\/uplandschule.de\/wp-content\/uploads\/2016\/07\/englischerfolg-mit-pav.jpg 800w\" sizes=\"auto, (max-width: 320px) 100vw, 320px\" \/><\/a><\/div>\n<p class=\"bodytext\">Unser Bild zeigt (von links) Theresa Leipold (Willingen), Greta Hochmanski (Rattlar), Kim Cosima Ellerbracke (B\u00f6mighausen), Henning Becker (Rattlar) und Lars-Erik Hellwig (Willingen) gemeinsam mit Dietmar Boie und Barbara Pavlu. Auf dem Foto fehlt Hannah Schumann (Eimelrod), die das beste Ergebnis erzielte und die Pr\u00fcfung, ebenso wie Greta Hochmanski, mit Auszeichnung bestand; beide erreichten das Level B2. (bk) Foto: Ulrike Schiefner<\/p>\n<\/div>\n<\/div>\n<div class=\"csc-textpic-clear\"><!-- --><\/div>\n<\/div>\n<div id=\"c1787\" class=\"csc-default\">\n<div class=\"csc-header csc-header-n3\">\n<h2>Erfolgreiche Teilnahme am Cambridge PET (2015)<\/h2>\n<\/div>\n<div class=\"csc-textpic csc-textpic-intext-right\">\n<div class=\"csc-textpic-text\">\n<p class=\"bodytext alignnone\">Auch in diesem Schuljahr haben neun Sch\u00fcler und eine Sch\u00fclerin der Uplandschule erfolgreich den PET (Preliminary English Test) der Cambridge University bestanden. In dieser externen Pr\u00fcfung m\u00fcssen die Sch\u00fcler und Sch\u00fclerinnen gute Leistungen in den vier Kernkompetenzen Lesen, H\u00f6rverstehen, Schreiben und Sprechen in Englisch nachweisen. Die Gruppe wurde von Oberstudienrat Dietmar Boie auf die<a href=\"http:\/\/uplandschule.de\/wp-content\/uploads\/2016\/07\/camebridge-2015.jpg\"><img loading=\"lazy\" decoding=\"async\" class=\"wp-image-11609 size-medium alignright\" src=\"http:\/\/uplandschule.de\/wp-content\/uploads\/2016\/07\/camebridge-2015-300x115.jpg\" width=\"300\" height=\"115\" srcset=\"https:\/\/uplandschule.de\/wp-content\/uploads\/2016\/07\/camebridge-2015-300x115.jpg 300w, https:\/\/uplandschule.de\/wp-content\/uploads\/2016\/07\/camebridge-2015-150x57.jpg 150w, https:\/\/uplandschule.de\/wp-content\/uploads\/2016\/07\/camebridge-2015-768x294.jpg 768w, https:\/\/uplandschule.de\/wp-content\/uploads\/2016\/07\/camebridge-2015.jpg 800w\" sizes=\"auto, (max-width: 300px) 100vw, 300px\" \/><\/a> Pr\u00fcfung vorbereitet.<\/p>\n<p class=\"bodytext\">Das Bild zeigt ihn bei der \u00dcbergabe der Sprach-Zertifikate an die erfolgreichen Absolventen Henric Biederbick, Lennart Ebel, Moritz Kwast, Tristan Muffert, Yorick Sens, der die Pr\u00fcfung mit Auszeichnung (Level B2) bestand,Luca Walter und Constantin Witsch (alle Klasse G 9 a) sowie Jonas Huber, Nathalie Suckfiel und Marcel Sewerin (Klasse R10 a). Rechts Schulleiterin Barbara Pavlu, die zum Erfolg gratulierte.<\/p>\n<\/div>\n<\/div>\n<div class=\"csc-textpic-clear\"><!-- --><\/div>\n<\/div>\n<h2 id=\"c1788\" class=\"csc-default\"><\/h2>\n<div id=\"c1534\" class=\"csc-default\">\n<div class=\"csc-header csc-header-n5\">\n<h2>Erfolgreiche Teilnahme am Cambridge PET (2014)<\/h2>\n<\/div>\n<div class=\"csc-textpic csc-textpic-intext-right\">\n<div class=\"csc-textpic-caption\">Als Anerkennung ihrer Leistungen und Nachweis ihrer Kompetenzen in Englisch erhielten 16 Sch\u00fclerinnen und Sch\u00fcler der Uplandschule das Zertifikat der Cambridge University.<\/div>\n<div class=\"csc-textpic-text\">\n<p class=\"bodytext\">Die vier besten Absolventen:<\/p>\n<p class=\"bodytext\">Jasmin K\u00f6hler (Klasse R10; Level B2)<\/p>\n<div class=\"csc-textpic-imagewrap\">\n<div id=\"attachment_11610\" style=\"width: 310px\" class=\"wp-caption alignright\"><a href=\"http:\/\/uplandschule.de\/wp-content\/uploads\/2016\/07\/camebridge-2014.jpg\"><img loading=\"lazy\" decoding=\"async\" aria-describedby=\"caption-attachment-11610\" class=\"wp-image-11610 size-medium\" src=\"http:\/\/uplandschule.de\/wp-content\/uploads\/2016\/07\/camebridge-2014-300x146.jpg\" width=\"300\" height=\"146\" srcset=\"https:\/\/uplandschule.de\/wp-content\/uploads\/2016\/07\/camebridge-2014-300x146.jpg 300w, https:\/\/uplandschule.de\/wp-content\/uploads\/2016\/07\/camebridge-2014-150x73.jpg 150w, https:\/\/uplandschule.de\/wp-content\/uploads\/2016\/07\/camebridge-2014-768x372.jpg 768w, https:\/\/uplandschule.de\/wp-content\/uploads\/2016\/07\/camebridge-2014.jpg 800w\" sizes=\"auto, (max-width: 300px) 100vw, 300px\" \/><\/a><p id=\"caption-attachment-11610\" class=\"wp-caption-text\">Die erfolgreichen Uplandsch\u00fcler gemeinsam mit Studienrat Dietmar Boie und Dr. Robin Sherlock (beide rechts im Bild), Direktorin Ilse Klingenberg (hinten rechts) und dem f\u00fcr den Realschulbereich der UPS zust\u00e4ndigen Rektor Herbert Hellwig (links). Foto: Ulrike Schiefner (aus der WLZ)<\/p><\/div>\n<\/div>\n<p class=\"bodytext\">Lara Bender (Klasse G9; Level B2)<br \/>\nJoe Max Schirmak<br \/>\nAnnelene Hellwig (beide Klasse G9 und Level B1)<\/p>\n<p class=\"bodytext\">Das Cambridge-Zertifikat erhielten au\u00dferdem Tamara Behle, Maxi Grebe, Marie Jesinghausen, Finn Kesper, Sophie Leipold, William L\u00f6ffler, Mareike Pohlmann, Philipp Respondek, Pia Maria Reuter, Tyll Roman Vincent Steuber, Lukas Trachte und Lisa von der Heide.<\/p>\n<\/div>\n<\/div>\n<\/div>\n","protected":false},"excerpt":{"rendered":"<p>Erfolg bei den Cambridge-Pr\u00fcfungen 2019 Auch im letzten Schulhalbjahr haben 4\u00a0Sch\u00fclerinnen und Sch\u00fcler der Uplandschule die Cambridge-Sprachpr\u00fcfung mit Erfolg abgelegt. Letzte\u00a0 Woche\u00a0\u00fcberreichten ihnen die Schulleiterin Frau Pavlu und die Lehrerin Frau Dr. Sherlock, welche die\u00a0Sch\u00fclerinnen und Sch\u00fcler in einem freiwilligen Vorbereitungskurs auf die hohen Anforderungen der Pr\u00fcfung vorbereitet hat, die [&hellip;]<\/p>\n","protected":false},"author":11,"featured_media":0,"parent":16,"menu_order":0,"comment_status":"closed","ping_status":"closed","template":"","meta":{"footnotes":""},"class_list":["post-185","page","type-page","status-publish","hentry"],"_links":{"self":[{"href":"https:\/\/uplandschule.de\/index.php?rest_route=\/wp\/v2\/pages\/185","targetHints":{"allow":["GET"]}}],"collection":[{"href":"https:\/\/uplandschule.de\/index.php?rest_route=\/wp\/v2\/pages"}],"about":[{"href":"https:\/\/uplandschule.de\/index.php?rest_route=\/wp\/v2\/types\/page"}],"author":[{"embeddable":true,"href":"https:\/\/uplandschule.de\/index.php?rest_route=\/wp\/v2\/users\/11"}],"replies":[{"embeddable":true,"href":"https:\/\/uplandschule.de\/index.php?rest_route=%2Fwp%2Fv2%2Fcomments&post=185"}],"version-history":[{"count":32,"href":"https:\/\/uplandschule.de\/index.php?rest_route=\/wp\/v2\/pages\/185\/revisions"}],"predecessor-version":[{"id":14476,"href":"https:\/\/uplandschule.de\/index.php?rest_route=\/wp\/v2\/pages\/185\/revisions\/14476"}],"up":[{"embeddable":true,"href":"https:\/\/uplandschule.de\/index.php?rest_route=\/wp\/v2\/pages\/16"}],"wp:attachment":[{"href":"https:\/\/uplandschule.de\/index.php?rest_route=%2Fwp%2Fv2%2Fmedia&parent=185"}],"curies":[{"name":"wp","href":"https:\/\/api.w.org\/{rel}","templated":true}]}}