{"id":183,"date":"2016-07-12T10:05:49","date_gmt":"2016-07-12T08:05:49","guid":{"rendered":"http:\/\/uplandschule.de\/?page_id=183"},"modified":"2016-11-25T18:10:20","modified_gmt":"2016-11-25T17:10:20","slug":"franzoesisch","status":"publish","type":"page","link":"https:\/\/uplandschule.de\/?page_id=183","title":{"rendered":"Franz\u00f6sisch"},"content":{"rendered":"<div id=\"c1897\" class=\"csc-default\">\n<div class=\"csc-header csc-header-n1\">\n<h2 class=\"csc-firstHeader\">Endlich sind sie da, die originalen DELF-Zertifikate direkt aus Paris!<\/h2>\n<div id=\"attachment_11883\" style=\"width: 310px\" class=\"wp-caption alignright\"><img loading=\"lazy\" decoding=\"async\" aria-describedby=\"caption-attachment-11883\" class=\"wp-image-11883 size-medium\" src=\"http:\/\/uplandschule.de\/wp-content\/uploads\/2016\/11\/161125-will-uplandschule-300x199.jpg\" alt=\"161125-will-uplandschule\" width=\"300\" height=\"199\" srcset=\"https:\/\/uplandschule.de\/wp-content\/uploads\/2016\/11\/161125-will-uplandschule-300x199.jpg 300w, https:\/\/uplandschule.de\/wp-content\/uploads\/2016\/11\/161125-will-uplandschule-150x100.jpg 150w, https:\/\/uplandschule.de\/wp-content\/uploads\/2016\/11\/161125-will-uplandschule-768x510.jpg 768w, https:\/\/uplandschule.de\/wp-content\/uploads\/2016\/11\/161125-will-uplandschule-1024x680.jpg 1024w\" sizes=\"auto, (max-width: 300px) 100vw, 300px\" \/><p id=\"caption-attachment-11883\" class=\"wp-caption-text\">Unser Bild zeigt (v.l.n.r.): Studienrat Bernd Sch\u00fctze, Lilly Rehbein, Alicia Biederbick, Klara Gutekunst, Nele Vahland, Emily Querl, Pia Hellwig, Mia Ebert, Lars-Eric Hellwig, Hannah Schumann, Emily Sch\u00f6nberg, Schulleiterin Frau Barbara Pavlu. Es fehlen Marie Zeutschel, Victoria Frankowski und Valeska Sch\u00f6nrock<\/p><\/div>\n<p>Alle teilnehmenden Sch\u00fclerinnen und Sch\u00fcler der Uplandschule in Willingen haben mit Erfolg an den DELF Pr\u00fcfungen (Dipl\u00f4me D&#8217;\u00c9tudes en Langue Fran\u00e7aise) in der franz\u00f6sischen Sprache teilgenommen. Emily Sch\u00f6nberg schaffte es sogar unter die besten drei Sch\u00fcler Hessens und wurde bereits vor den Sommerferien in Wiesbaden mit weiteren Preisen daf\u00fcr ausgezeichnet.<\/p>\n<p>Das staatlich anerkannte Sprachdiplom DELF f\u00fcr Franz\u00f6sisch als Fremdsprache wird vom franz\u00f6sischen Bildungsministerium vergeben und ist weltweit anerkannt. Die Zertifikate DELF scolaire k\u00f6nnen in vier verschiedenen Kompetenzniveaus abgelegt werden: A1, A2, B1 und B2. Diese Niveaus entsprechenden den ersten vier Stufen des &#8222;Gemeinsamen europ\u00e4ischen Referenzrahmens f\u00fcr Sprachen GeR&#8220;. Dabei mussten sich die Pr\u00fcflinge einer schriftlichen sowie m\u00fcndlichen Pr\u00fcfung in franz\u00f6sischer Sprache an der UPS Willingen sowie an der Albert-Schweitzer-Schule in Kassel unterziehen. Herzlichen Gl\u00fcckwunsch! Toutes nos f\u00e9licitations!<\/p>\n<h2 class=\"csc-firstHeader\">Junge Upl\u00e4nder Sprachtalente<\/h2>\n<\/div>\n<div class=\"csc-textpic-imagewrap\">\n<dl class=\"csc-textpic-image csc-textpic-firstcol csc-textpic-lastcol\">\n<dt>\n<p><div style=\"width: 210px\" class=\"wp-caption alignright\"><img loading=\"lazy\" decoding=\"async\" src=\"http:\/\/uplandschule.de\/wp-content\/uploads\/2016\/07\/f68a5a4e79.jpg\" width=\"200\" height=\"150\" border=\"0\" \/><p class=\"wp-caption-text\">Ein Pr\u00e4sent und viel Lob f\u00fcr die beiden Sprachtalente: Unser Bild zeigt Hannah Schumann und Lars-Erik Hellwig gemeinsam mit Studienrat Bernd Sch\u00fctze und Schulleiterin Barbara Pavlu. Foto: Ulrike Schiefner<\/p><\/div><\/dt>\n<\/dl>\n<\/div>\n<h3 class=\"csc-textpic csc-textpic-intext-right\"><span lang=\"DE\">Hannah Schumann und Lars-Erik Hellwig erzielen ausgezeichnete Ergebnisse<\/span><\/h3>\n<p class=\"csc-textpic csc-textpic-intext-right\">Dickes Lob f\u00fcr Hannah Schumann aus Eimelrod und Lars-Erik Hellwig aus Willingen: Die beiden 15-J\u00e4hrigen, die den Gymnasialzweig der Uplandschule besuchen (Klasse E1a), haben das \u201eDELF\u201c-Sprachzertifikat erworben und dabei ausgezeichnete Kenntnisse der franz\u00f6sischen Sprache bewiesen.<span lang=\"DE\">Hannah errang bei der Pr\u00fcfung die volle Punktzahl, Lars-Erik erreichte 96,5 von 100 m\u00f6glichen Punkten \u2011 ein exzellentes Ergebnis, \u00fcber das sich auch Schulleiterin Barbara Pavlu und Studienrat Bernd Sch\u00fctze, der die Jugendlichen bei der Vorbereitung fachlich begleitete, freuten.<\/span>WLZ vom 15.10.2015<\/p>\n<div class=\"csc-textpic-clear\"><!-- --><\/div>\n<\/div>\n<div id=\"c1609\" class=\"csc-default\">\n<div class=\"csc-header csc-header-n2\">\n<h2>Franz\u00f6sisch sprechen, verstehen und schreiben<\/h2>\n<\/div>\n<div class=\"csc-textpic csc-textpic-intext-right\">\n<div class=\"csc-textpic-imagewrap\"><\/div>\n<div class=\"csc-textpic-text\">\n<h3 class=\"bodytext\">Uplandsch\u00fcler erwerben DELF-Diplom<\/h3>\n<div id=\"attachment_11613\" style=\"width: 310px\" class=\"wp-caption alignright\"><a href=\"http:\/\/uplandschule.de\/wp-content\/uploads\/2016\/07\/delf.jpg\" rel=\"attachment wp-att-11613\"><img loading=\"lazy\" decoding=\"async\" aria-describedby=\"caption-attachment-11613\" class=\"wp-image-11613 size-medium\" src=\"http:\/\/uplandschule.de\/wp-content\/uploads\/2016\/07\/delf-300x177.jpg\" alt=\"delf\" width=\"300\" height=\"177\" srcset=\"https:\/\/uplandschule.de\/wp-content\/uploads\/2016\/07\/delf-300x177.jpg 300w, https:\/\/uplandschule.de\/wp-content\/uploads\/2016\/07\/delf-150x88.jpg 150w, https:\/\/uplandschule.de\/wp-content\/uploads\/2016\/07\/delf-768x452.jpg 768w, https:\/\/uplandschule.de\/wp-content\/uploads\/2016\/07\/delf.jpg 800w\" sizes=\"auto, (max-width: 300px) 100vw, 300px\" \/><\/a><p id=\"caption-attachment-11613\" class=\"wp-caption-text\">\u00dcbergabe der Sprach-Diplome: Unsere Aufnahme zeigt von links nach rechts Studienrat Bernd Sch\u00fctze, Tim Vanderstuyf, Nathalie Suckfiel, Niklas Lange, Isabell Kleine, Tobias W\u00f6hrle, Marie Christin Thaden und Schulleiterin i.V. Ilse Klingenberg. Auf dem Bild fehlt Leonie Wilke. Foto: Ulrike Schiefner (aus der WLZ)<\/p><\/div>\n<p class=\"bodytext\">Jetzt haben sie es schriftlich, dass sich ihr Franz\u00f6sisch durchaus h\u00f6ren lassen kann: Sieben Sch\u00fclerinnen und Sch\u00fcler der Uplandschule erwarben k\u00fcrzlich das DELF-Diplom. Studienrat Bernd Sch\u00fctze \u00fcberreichte ihnen gestern die Bescheinigungen. Die Jugendlichen wurden im vergangenen Schuljahr im Rahmen des Unterrichts auf die Pr\u00fcfung vorbereitet, bei der sie beweisen mussten, dass sie Franz\u00f6sisch sprechen, schreiben und verstehen k\u00f6nnen. Die schriftliche Pr\u00fcfung fand in Willingen statt, die m\u00fcndliche im Albert- Schweitzer-Gymnasium in Kassel. \u201eDELF\u201c steht f\u00fcr \u201eDipl\u00f4me d\u2019\u00e9tudes en langue fran\u00e7aise\u201c. Folgende Sch\u00fclerinnen und Sch\u00fcler erhielten das vom franz\u00f6sischen Staat ausgestellte Diplom (Niveau A 1 beziehungs- weise A 2): Isabell Kleine, Niklas Lange, Nathalie Suckfiel, Marie Christin Thaden, Tim Vanderstuyf, Tobias W\u00f6hrle und Leonie Wilke.\u00a0 (bk)<\/p>\n<p class=\"bodytext\">WLZ vom 01. Oktober 2014<\/p>\n<\/div>\n<\/div>\n<\/div>\n","protected":false},"excerpt":{"rendered":"<p>Endlich sind sie da, die originalen DELF-Zertifikate direkt aus Paris! Alle teilnehmenden Sch\u00fclerinnen und Sch\u00fcler der Uplandschule in Willingen haben mit Erfolg an den DELF Pr\u00fcfungen (Dipl\u00f4me D&#8217;\u00c9tudes en Langue Fran\u00e7aise) in der franz\u00f6sischen Sprache teilgenommen. Emily Sch\u00f6nberg schaffte es sogar unter die besten drei Sch\u00fcler Hessens und wurde bereits [&hellip;]<\/p>\n","protected":false},"author":11,"featured_media":0,"parent":16,"menu_order":0,"comment_status":"closed","ping_status":"closed","template":"","meta":{"footnotes":""},"class_list":["post-183","page","type-page","status-publish","hentry"],"_links":{"self":[{"href":"https:\/\/uplandschule.de\/index.php?rest_route=\/wp\/v2\/pages\/183","targetHints":{"allow":["GET"]}}],"collection":[{"href":"https:\/\/uplandschule.de\/index.php?rest_route=\/wp\/v2\/pages"}],"about":[{"href":"https:\/\/uplandschule.de\/index.php?rest_route=\/wp\/v2\/types\/page"}],"author":[{"embeddable":true,"href":"https:\/\/uplandschule.de\/index.php?rest_route=\/wp\/v2\/users\/11"}],"replies":[{"embeddable":true,"href":"https:\/\/uplandschule.de\/index.php?rest_route=%2Fwp%2Fv2%2Fcomments&post=183"}],"version-history":[{"count":17,"href":"https:\/\/uplandschule.de\/index.php?rest_route=\/wp\/v2\/pages\/183\/revisions"}],"predecessor-version":[{"id":11884,"href":"https:\/\/uplandschule.de\/index.php?rest_route=\/wp\/v2\/pages\/183\/revisions\/11884"}],"up":[{"embeddable":true,"href":"https:\/\/uplandschule.de\/index.php?rest_route=\/wp\/v2\/pages\/16"}],"wp:attachment":[{"href":"https:\/\/uplandschule.de\/index.php?rest_route=%2Fwp%2Fv2%2Fmedia&parent=183"}],"curies":[{"name":"wp","href":"https:\/\/api.w.org\/{rel}","templated":true}]}}

Französisch

<div id="c1897" class="csc-default">
<div class="csc-header csc-header-n1">
<h2 class="csc-firstHeader">Endlich sind sie da, die originalen DELF-Zertifikate direkt aus Paris!</h2>
<div id="attachment_11883" style="width: 310px" class="wp-caption alignright"><img loading="lazy" decoding="async" aria-describedby="caption-attachment-11883" class="wp-image-11883 size-medium" src="http://uplandschule.de/wp-content/uploads/2016/11/161125-will-uplandschule-300x199.jpg" alt="161125-will-uplandschule" width="300" height="199" srcset="https://uplandschule.de/wp-content/uploads/2016/11/161125-will-uplandschule-300x199.jpg 300w, https://uplandschule.de/wp-content/uploads/2016/11/161125-will-uplandschule-150x100.jpg 150w, https://uplandschule.de/wp-content/uploads/2016/11/161125-will-uplandschule-768x510.jpg 768w, https://uplandschule.de/wp-content/uploads/2016/11/161125-will-uplandschule-1024x680.jpg 1024w" sizes="auto, (max-width: 300px) 100vw, 300px" /><p id="caption-attachment-11883" class="wp-caption-text">Unser Bild zeigt (v.l.n.r.): Studienrat Bernd Schütze, Lilly Rehbein, Alicia Biederbick, Klara Gutekunst, Nele Vahland, Emily Querl, Pia Hellwig, Mia Ebert, Lars-Eric Hellwig, Hannah Schumann, Emily Schönberg, Schulleiterin Frau Barbara Pavlu. Es fehlen Marie Zeutschel, Victoria Frankowski und Valeska Schönrock</p></div>
<p>Alle teilnehmenden Schülerinnen und Schüler der Uplandschule in Willingen haben mit Erfolg an den DELF Prüfungen (Diplôme D&#8217;Études en Langue Française) in der französischen Sprache teilgenommen. Emily Schönberg schaffte es sogar unter die besten drei Schüler Hessens und wurde bereits vor den Sommerferien in Wiesbaden mit weiteren Preisen dafür ausgezeichnet.</p>
<p>Das staatlich anerkannte Sprachdiplom DELF für Französisch als Fremdsprache wird vom französischen Bildungsministerium vergeben und ist weltweit anerkannt. Die Zertifikate DELF scolaire können in vier verschiedenen Kompetenzniveaus abgelegt werden: A1, A2, B1 und B2. Diese Niveaus entsprechenden den ersten vier Stufen des &#8222;Gemeinsamen europäischen Referenzrahmens für Sprachen GeR&#8220;. Dabei mussten sich die Prüflinge einer schriftlichen sowie mündlichen Prüfung in französischer Sprache an der UPS Willingen sowie an der Albert-Schweitzer-Schule in Kassel unterziehen. Herzlichen Glückwunsch! Toutes nos félicitations!</p>
<h2 class="csc-firstHeader">Junge Upländer Sprachtalente</h2>
</div>
<div class="csc-textpic-imagewrap">
<dl class="csc-textpic-image csc-textpic-firstcol csc-textpic-lastcol">
<dt>
<p><div style="width: 210px" class="wp-caption alignright"><img loading="lazy" decoding="async" src="http://uplandschule.de/wp-content/uploads/2016/07/f68a5a4e79.jpg" width="200" height="150" border="0" /><p class="wp-caption-text">Ein Präsent und viel Lob für die beiden Sprachtalente: Unser Bild zeigt Hannah Schumann und Lars-Erik Hellwig gemeinsam mit Studienrat Bernd Schütze und Schulleiterin Barbara Pavlu. Foto: Ulrike Schiefner</p></div></dt>
</dl>
</div>
<h3 class="csc-textpic csc-textpic-intext-right"><span lang="DE">Hannah Schumann und Lars-Erik Hellwig erzielen ausgezeichnete Ergebnisse</span></h3>
<p class="csc-textpic csc-textpic-intext-right">Dickes Lob für Hannah Schumann aus Eimelrod und Lars-Erik Hellwig aus Willingen: Die beiden 15-Jährigen, die den Gymnasialzweig der Uplandschule besuchen (Klasse E1a), haben das „DELF“-Sprachzertifikat erworben und dabei ausgezeichnete Kenntnisse der französischen Sprache bewiesen.<span lang="DE">Hannah errang bei der Prüfung die volle Punktzahl, Lars-Erik erreichte 96,5 von 100 möglichen Punkten ‑ ein exzellentes Ergebnis, über das sich auch Schulleiterin Barbara Pavlu und Studienrat Bernd Schütze, der die Jugendlichen bei der Vorbereitung fachlich begleitete, freuten.</span>WLZ vom 15.10.2015</p>
<div class="csc-textpic-clear"><!-- --></div>
</div>
<div id="c1609" class="csc-default">
<div class="csc-header csc-header-n2">
<h2>Französisch sprechen, verstehen und schreiben</h2>
</div>
<div class="csc-textpic csc-textpic-intext-right">
<div class="csc-textpic-imagewrap"></div>
<div class="csc-textpic-text">
<h3 class="bodytext">Uplandschüler erwerben DELF-Diplom</h3>
<div id="attachment_11613" style="width: 310px" class="wp-caption alignright"><a href="http://uplandschule.de/wp-content/uploads/2016/07/delf.jpg" rel="attachment wp-att-11613"><img loading="lazy" decoding="async" aria-describedby="caption-attachment-11613" class="wp-image-11613 size-medium" src="http://uplandschule.de/wp-content/uploads/2016/07/delf-300x177.jpg" alt="delf" width="300" height="177" srcset="https://uplandschule.de/wp-content/uploads/2016/07/delf-300x177.jpg 300w, https://uplandschule.de/wp-content/uploads/2016/07/delf-150x88.jpg 150w, https://uplandschule.de/wp-content/uploads/2016/07/delf-768x452.jpg 768w, https://uplandschule.de/wp-content/uploads/2016/07/delf.jpg 800w" sizes="auto, (max-width: 300px) 100vw, 300px" /></a><p id="caption-attachment-11613" class="wp-caption-text">Übergabe der Sprach-Diplome: Unsere Aufnahme zeigt von links nach rechts Studienrat Bernd Schütze, Tim Vanderstuyf, Nathalie Suckfiel, Niklas Lange, Isabell Kleine, Tobias Wöhrle, Marie Christin Thaden und Schulleiterin i.V. Ilse Klingenberg. Auf dem Bild fehlt Leonie Wilke. Foto: Ulrike Schiefner (aus der WLZ)</p></div>
<p class="bodytext">Jetzt haben sie es schriftlich, dass sich ihr Französisch durchaus hören lassen kann: Sieben Schülerinnen und Schüler der Uplandschule erwarben kürzlich das DELF-Diplom. Studienrat Bernd Schütze überreichte ihnen gestern die Bescheinigungen. Die Jugendlichen wurden im vergangenen Schuljahr im Rahmen des Unterrichts auf die Prüfung vorbereitet, bei der sie beweisen mussten, dass sie Französisch sprechen, schreiben und verstehen können. Die schriftliche Prüfung fand in Willingen statt, die mündliche im Albert- Schweitzer-Gymnasium in Kassel. „DELF“ steht für „Diplôme d’études en langue française“. Folgende Schülerinnen und Schüler erhielten das vom französischen Staat ausgestellte Diplom (Niveau A 1 beziehungs- weise A 2): Isabell Kleine, Niklas Lange, Nathalie Suckfiel, Marie Christin Thaden, Tim Vanderstuyf, Tobias Wöhrle und Leonie Wilke.  (bk)</p>
<p class="bodytext">WLZ vom 01. Oktober 2014</p>
</div>
</div>
</div>

<p>Endlich sind sie da, die originalen DELF-Zertifikate direkt aus Paris! Alle teilnehmenden Schülerinnen und Schüler der Uplandschule in Willingen haben mit Erfolg an den DELF Prüfungen (Diplôme D&#8217;Études en Langue Française) in der französischen Sprache teilgenommen. Emily Schönberg schaffte es sogar unter die besten drei Schüler Hessens und wurde bereits [&hellip;]</p>
