{"id":16781,"date":"2021-01-11T09:40:18","date_gmt":"2021-01-11T08:40:18","guid":{"rendered":"https:\/\/uplandschule.de\/?page_id=16781"},"modified":"2021-01-11T09:45:16","modified_gmt":"2021-01-11T08:45:16","slug":"robotics-und-informatik-und-medien-ag","status":"publish","type":"page","link":"https:\/\/uplandschule.de\/?page_id=16781","title":{"rendered":"Robotics und Informatik-\/Medien-AG"},"content":{"rendered":"\n<ul class=\"wp-block-gallery columns-2 is-cropped wp-block-gallery-1 is-layout-flex wp-block-gallery-is-layout-flex\"><li class=\"blocks-gallery-item\"><figure><img loading=\"lazy\" decoding=\"async\" width=\"302\" height=\"227\" src=\"https:\/\/uplandschule.de\/wp-content\/uploads\/2021\/01\/informatik-ag-1.jpg\" alt=\"\" data-id=\"16777\" data-link=\"https:\/\/uplandschule.de\/?attachment_id=16777\" class=\"wp-image-16777\" srcset=\"https:\/\/uplandschule.de\/wp-content\/uploads\/2021\/01\/informatik-ag-1.jpg 302w, https:\/\/uplandschule.de\/wp-content\/uploads\/2021\/01\/informatik-ag-1-150x113.jpg 150w, https:\/\/uplandschule.de\/wp-content\/uploads\/2021\/01\/informatik-ag-1-300x225.jpg 300w\" sizes=\"auto, (max-width: 302px) 100vw, 302px\" \/><\/figure><\/li><li class=\"blocks-gallery-item\"><figure><img loading=\"lazy\" decoding=\"async\" width=\"302\" height=\"361\" src=\"https:\/\/uplandschule.de\/wp-content\/uploads\/2021\/01\/robotics-1.jpg\" alt=\"\" data-id=\"16778\" data-link=\"https:\/\/uplandschule.de\/?attachment_id=16778\" class=\"wp-image-16778\" srcset=\"https:\/\/uplandschule.de\/wp-content\/uploads\/2021\/01\/robotics-1.jpg 302w, https:\/\/uplandschule.de\/wp-content\/uploads\/2021\/01\/robotics-1-125x150.jpg 125w, https:\/\/uplandschule.de\/wp-content\/uploads\/2021\/01\/robotics-1-251x300.jpg 251w\" sizes=\"auto, (max-width: 302px) 100vw, 302px\" \/><\/figure><\/li><\/ul>\n\n\n\n<p>An der Uplandschule gibt es zahlreiche AG-Angebote, zwei von ihnen sind Robotics und die Informatik- und Medien-AG.<br>In Robotics dreht sich alles um das Thema Roboter auf Basis von <em>Lego Mindstorms<\/em> und in der Informatik- und Medien-AG k\u00f6nnt ihr entscheiden, ob ihr z. B. Videos schneiden, Fotos bearbeiten oder mit einem<em> Raspberry Pi<\/em>&nbsp; <em>Mini Computer<\/em> tolle Experimente machen wollt. Ihr k\u00f6nnt mit dem <em>Raspberry Pi<\/em> Versuchsaufbauten machen, in denen ihr z. B. ein Programm schreibt, mit dem ihr&nbsp;Lampen auf einer Steckplatine in einer vorher angegeben Reihenfolge an- und ausschaltet oder das Licht durch Bewegung angeht. Aktuell wird mit so einem Ger\u00e4t an einem digitalen schwarzen Brett gearbeitet, an dem sp\u00e4ter Stundenpl\u00e4ne und andere wichtige Informationen ausgegeben werden k\u00f6nnen. Des Weiteren kann man mit <em>Android App Inventor Apps<\/em> f\u00fcr Android Smartphones entwickeln und direkt herunterladen. Um hiermit programmieren zu k\u00f6nnen, ben\u00f6tigt man keinerlei Vorkenntnisse. Wer m\u00f6chte, kann auch Webdesign machen. <em>https:\/\/theplane.de.cool<\/em> ist eine Website, die in dieser AG entstanden ist. Au\u00dferdem kann man mit zahlreichen Programmen Bilder bearbeiten, in einem aktuellen Sch\u00fclerprojekt werden eigene Pokemon-Karten gestaltet.<br>In <em>Robotics<\/em> k\u00f6nnt ihr mit Lego-Roboter bauen. Hierf\u00fcr gibt es diverse Lego-Technik-Teile und Sensoren, die Entfernungen messen, Farben erkennen oder auf Ber\u00fchrungen reagieren k\u00f6nnen. Dann gibt es noch gro\u00dfe und kleine Motoren, mit denen ihr etwas antreiben k\u00f6nnt.<br>Aktuell wird ein Kranfahrzeug und ein Farbsortierer gebaut, der Legosteine oder andere Teile der Farbe nach sortieren kann und in Beh\u00e4ltnisse werfen kann. Ihr k\u00f6nnt die Basiseinheit (Ev3) mit verschiedensten Programmen f\u00fcttern, die unterschiedliche Aufgaben erf\u00fcllen. Zum Programmieren braucht ihr wieder keinerlei Vorkenntnisse und k\u00f6nnt direkt loslegen.<\/p>\n\n\n\n<p>Ich gehe seit mehreren Jahren in die beiden AGs und es macht jedes Mal aufs Neue Spa\u00df!<\/p>\n\n\n\n<p><em>von Philipp Gro\u00dfe-Gehling<\/em><\/p>\n\n\n<p><!--EndFragment--><\/p>\n<p><\/p>","protected":false},"excerpt":{"rendered":"<p>An der Uplandschule gibt es zahlreiche AG-Angebote, zwei von ihnen sind Robotics und die Informatik- und Medien-AG.In Robotics dreht sich alles um das Thema Roboter auf Basis von Lego Mindstorms und in der Informatik- und Medien-AG k\u00f6nnt ihr entscheiden, ob ihr z. B. Videos schneiden, Fotos bearbeiten oder mit einem [&hellip;]<\/p>\n","protected":false},"author":11,"featured_media":0,"parent":0,"menu_order":0,"comment_status":"closed","ping_status":"closed","template":"","meta":{"footnotes":""},"class_list":["post-16781","page","type-page","status-publish","hentry"],"_links":{"self":[{"href":"https:\/\/uplandschule.de\/index.php?rest_route=\/wp\/v2\/pages\/16781","targetHints":{"allow":["GET"]}}],"collection":[{"href":"https:\/\/uplandschule.de\/index.php?rest_route=\/wp\/v2\/pages"}],"about":[{"href":"https:\/\/uplandschule.de\/index.php?rest_route=\/wp\/v2\/types\/page"}],"author":[{"embeddable":true,"href":"https:\/\/uplandschule.de\/index.php?rest_route=\/wp\/v2\/users\/11"}],"replies":[{"embeddable":true,"href":"https:\/\/uplandschule.de\/index.php?rest_route=%2Fwp%2Fv2%2Fcomments&post=16781"}],"version-history":[{"count":4,"href":"https:\/\/uplandschule.de\/index.php?rest_route=\/wp\/v2\/pages\/16781\/revisions"}],"predecessor-version":[{"id":16787,"href":"https:\/\/uplandschule.de\/index.php?rest_route=\/wp\/v2\/pages\/16781\/revisions\/16787"}],"wp:attachment":[{"href":"https:\/\/uplandschule.de\/index.php?rest_route=%2Fwp%2Fv2%2Fmedia&parent=16781"}],"curies":[{"name":"wp","href":"https:\/\/api.w.org\/{rel}","templated":true}]}}