{"id":15629,"date":"2020-09-09T15:55:04","date_gmt":"2020-09-09T13:55:04","guid":{"rendered":"https:\/\/uplandschule.de\/?page_id=15629"},"modified":"2020-09-11T11:06:22","modified_gmt":"2020-09-11T09:06:22","slug":"berufs-und-studienorientierung-an-der-uplandschule","status":"publish","type":"page","link":"https:\/\/uplandschule.de\/?page_id=15629","title":{"rendered":"Berufs- und Studienorientierung an der Uplandschule"},"content":{"rendered":"\n<p>Ab Klasse 5 bietet die Uplandschule erste Angebote, die zu einer durchdachten Entscheidung \u00fcber das Leben nach der Schule beitragen sollen. Die Schwerpunkte liegen in den Vorabgangsklassen im Haupt- und Realschulzweig und in der Klasse 9 und der Q1\/2 im Gymnasium. Neben Besuchen von Studien- und Berufsmessen, Bewerbungstrainings und Informationsveranstaltungen und Beratungen durch die\u00a0<a href=\"https:\/\/uplandschule.de\/?page_id=14642\">Bundesagentur f\u00fcr Arbeit<\/a>\u00a0bieten wir ein breites Angebot, um die eigenen Kompetenzen erkennen und weiterentwickeln zu k\u00f6nnen (siehe:\u00a0<a href=\"https:\/\/uplandschule.de\/?page_id=14636\">BO-Curriculum<\/a>).<\/p>\n\n\n\n<p>Dabei bieten gerade die Praktika \u2013 als Einblicke in das Betriebs-, Berufs- und Arbeitsleben \u2013 den Rahmen, um sich mit der eigenen Zukunft auseinanderzusetzen (siehe:\u00a0<a href=\"https:\/\/uplandschule.de\/?page_id=14638\">Materialien zum Praktikum<\/a>).<\/p>\n\n\n\n<p>Bei der Berufs- und Studienorientierung kooperiert die Uplandschule mit einem breiten Spektrum an Institutionen (siehe:&nbsp;<a href=\"https:\/\/uplandschule.de\/?page_id=14640\">Kooperationspartner<\/a>). F\u00fcr weitere Ausk\u00fcnfte und Hilfestellungen stehen die Ansprechpersonen an der Schule gerne zur Verf\u00fcgung (siehe:&nbsp;<a href=\"https:\/\/uplandschule.de\/?page_id=14632\">Ansprechpersonen<\/a>).<\/p>\n","protected":false},"excerpt":{"rendered":"<p>Ab Klasse 5 bietet die Uplandschule erste Angebote, die zu einer durchdachten Entscheidung \u00fcber das Leben nach der Schule beitragen sollen. Die Schwerpunkte liegen in den Vorabgangsklassen im Haupt- und Realschulzweig und in der Klasse 9 und der Q1\/2 im Gymnasium. Neben Besuchen von Studien- und Berufsmessen, Bewerbungstrainings und Informationsveranstaltungen [&hellip;]<\/p>\n","protected":false},"author":11,"featured_media":0,"parent":0,"menu_order":0,"comment_status":"closed","ping_status":"closed","template":"","meta":{"footnotes":""},"class_list":["post-15629","page","type-page","status-publish","hentry"],"_links":{"self":[{"href":"https:\/\/uplandschule.de\/index.php?rest_route=\/wp\/v2\/pages\/15629","targetHints":{"allow":["GET"]}}],"collection":[{"href":"https:\/\/uplandschule.de\/index.php?rest_route=\/wp\/v2\/pages"}],"about":[{"href":"https:\/\/uplandschule.de\/index.php?rest_route=\/wp\/v2\/types\/page"}],"author":[{"embeddable":true,"href":"https:\/\/uplandschule.de\/index.php?rest_route=\/wp\/v2\/users\/11"}],"replies":[{"embeddable":true,"href":"https:\/\/uplandschule.de\/index.php?rest_route=%2Fwp%2Fv2%2Fcomments&post=15629"}],"version-history":[{"count":6,"href":"https:\/\/uplandschule.de\/index.php?rest_route=\/wp\/v2\/pages\/15629\/revisions"}],"predecessor-version":[{"id":15691,"href":"https:\/\/uplandschule.de\/index.php?rest_route=\/wp\/v2\/pages\/15629\/revisions\/15691"}],"wp:attachment":[{"href":"https:\/\/uplandschule.de\/index.php?rest_route=%2Fwp%2Fv2%2Fmedia&parent=15629"}],"curies":[{"name":"wp","href":"https:\/\/api.w.org\/{rel}","templated":true}]}}