{"id":12744,"date":"2017-06-30T19:03:17","date_gmt":"2017-06-30T17:03:17","guid":{"rendered":"http:\/\/uplandschule.de\/?page_id=12744"},"modified":"2017-06-30T19:03:17","modified_gmt":"2017-06-30T17:03:17","slug":"gelesen-4","status":"publish","type":"page","link":"https:\/\/uplandschule.de\/?page_id=12744","title":{"rendered":"Gelesen"},"content":{"rendered":"<p><span style=\"font-size: 14pt;\"><strong>Gelesen<\/strong><\/span><\/p>\n<div id=\"c1157\" class=\"csc-default\">\n<ul class=\"csc-menu csc-menu-1\">\n<li><a title=\"UPS-Abiturienten sagen Abivederci\" href=\"http:\/\/uplandschule.de\/?p=12745\">UPS-Abiturienten sagen Abivederci<\/a><\/li>\n<li><a title=\"Infomobil hilft bei Jobsuche\" href=\"http:\/\/uplandschule.de\/?p=12747\">Infomobil hilft bei Jobsuche<\/a><\/li>\n<li><a title=\"Theaterabend\" href=\"http:\/\/uplandschule.de\/?p=12749\">Theaterabend<\/a><\/li>\n<li><a title=\"Cambridge-Zertifikate\" href=\"http:\/\/uplandschule.de\/?p=12751\">Cambridge-Zertifikate<\/a><\/li>\n<li><a title=\"Bundesfinale in Schonach\" href=\"http:\/\/uplandschule.de\/?p=12753\">Bundesfinale in Schonach<\/a><\/li>\n<li><a title=\"Wof\u00fcr es sich zu leben lohnt\" href=\"http:\/\/uplandschule.de\/?p=12755\">Wof\u00fcr es sich zu leben lohnt<\/a><\/li>\n<li><a title=\"Schulsozialarbeit\" href=\"http:\/\/uplandschule.de\/?p=12757\">Schulsozialarbeit<\/a><\/li>\n<li><a title=\"Schnuppertag ein voller Erfolg\" href=\"http:\/\/uplandschule.de\/?p=12759\">Schnuppertag ein voller Erfolg<\/a><\/li>\n<li><a title=\"Sieg mit &quot;Drei Fragezeichen&quot;\" href=\"http:\/\/uplandschule.de\/?p=12761\">Sieg mit &#8222;Drei Fragezeichen&#8220;<\/a><\/li>\n<li><a title=\"Sch\u00fcler nicht im Regen stehen lassen\" href=\"http:\/\/uplandschule.de\/?p=12763\">Sch\u00fcler nicht im Regen stehen lassen<\/a><\/li>\n<li><a title=\"Uplandsch\u00fcler zum Bundesfinale\" href=\"http:\/\/uplandschule.de\/?p=12765\">Uplandsch\u00fcler zum Bundesfinale<\/a><\/li>\n<li><a title=\"Ein bisschen wie Weihnachten\" href=\"http:\/\/uplandschule.de\/?p=12767\">Ein bisschen wie Weihnachten<\/a><\/li>\n<li><a title=\"Neues Domizil f\u00fcr Internatler\" href=\"http:\/\/uplandschule.de\/?p=12769\">Neues Domizil f\u00fcr Internatler<\/a><\/li>\n<li><a title=\"Mit \u00dcberlegung und ruhiger Hand\" href=\"http:\/\/uplandschule.de\/?p=12771\">Mit \u00dcberlegung und ruhiger Hand<\/a><\/li>\n<li><a title=\"Budenzauber\" href=\"http:\/\/uplandschule.de\/?p=12773\">Budenzauber<\/a><\/li>\n<li><a title=\"Konzert der Grundschule\" href=\"http:\/\/uplandschule.de\/?p=12775\">Konzert der Grundschule<\/a><\/li>\n<li><a title=\"Vorlesetag\" href=\"http:\/\/uplandschule.de\/?p=12777\">Vorlesetag<\/a><\/li>\n<li><a title=\"Schulband im Radio\" href=\"http:\/\/uplandschule.de\/?p=12779\">Schulband im Radio<\/a><\/li>\n<li><a title=\"Abschied vom Elternbeirat\" href=\"http:\/\/uplandschule.de\/?p=12781\">Abschied vom Elternbeirat<\/a><\/li>\n<li><a title=\"Echte Gemeinschaftsleistung\" href=\"http:\/\/uplandschule.de\/?p=12784\">Echte Gemeinschaftsleistung<\/a><\/li>\n<li><a title=\"Sieg f\u00fcr die Uplandschule\" href=\"http:\/\/uplandschule.de\/?p=12786\">Sieg f\u00fcr die Uplandschule<\/a><\/li>\n<li><a title=\"\u201eWir klicken clever\u201c\" href=\"http:\/\/uplandschule.de\/?p=12788\">\u201eWir klicken clever\u201c<\/a><\/li>\n<li><a title=\"Ben aus Baltimore\" href=\"http:\/\/uplandschule.de\/?p=12790\">Ben aus Baltimore<\/a><\/li>\n<li><a title=\"Cambridge-Sprachzertifikat \" href=\"http:\/\/uplandschule.de\/?p=12792\">Cambridge-Sprachzertifikat <\/a><\/li>\n<li><a title=\"Inliner-Tag \" href=\"http:\/\/uplandschule.de\/?p=12794\">Inliner-Tag <\/a><\/li>\n<\/ul>\n<\/div>\n","protected":false},"excerpt":{"rendered":"<p>Gelesen UPS-Abiturienten sagen Abivederci Infomobil hilft bei Jobsuche Theaterabend Cambridge-Zertifikate Bundesfinale in Schonach Wof\u00fcr es sich zu leben lohnt Schulsozialarbeit Schnuppertag ein voller Erfolg Sieg mit &#8222;Drei Fragezeichen&#8220; Sch\u00fcler nicht im Regen stehen lassen Uplandsch\u00fcler zum Bundesfinale Ein bisschen wie Weihnachten Neues Domizil f\u00fcr Internatler Mit \u00dcberlegung und ruhiger Hand [&hellip;]<\/p>\n","protected":false},"author":11,"featured_media":0,"parent":0,"menu_order":0,"comment_status":"closed","ping_status":"closed","template":"","meta":{"footnotes":""},"class_list":["post-12744","page","type-page","status-publish","hentry"],"_links":{"self":[{"href":"https:\/\/uplandschule.de\/index.php?rest_route=\/wp\/v2\/pages\/12744","targetHints":{"allow":["GET"]}}],"collection":[{"href":"https:\/\/uplandschule.de\/index.php?rest_route=\/wp\/v2\/pages"}],"about":[{"href":"https:\/\/uplandschule.de\/index.php?rest_route=\/wp\/v2\/types\/page"}],"author":[{"embeddable":true,"href":"https:\/\/uplandschule.de\/index.php?rest_route=\/wp\/v2\/users\/11"}],"replies":[{"embeddable":true,"href":"https:\/\/uplandschule.de\/index.php?rest_route=%2Fwp%2Fv2%2Fcomments&post=12744"}],"version-history":[{"count":1,"href":"https:\/\/uplandschule.de\/index.php?rest_route=\/wp\/v2\/pages\/12744\/revisions"}],"predecessor-version":[{"id":12796,"href":"https:\/\/uplandschule.de\/index.php?rest_route=\/wp\/v2\/pages\/12744\/revisions\/12796"}],"wp:attachment":[{"href":"https:\/\/uplandschule.de\/index.php?rest_route=%2Fwp%2Fv2%2Fmedia&parent=12744"}],"curies":[{"name":"wp","href":"https:\/\/api.w.org\/{rel}","templated":true}]}}